{"id":1431,"date":"2025-07-30T16:52:57","date_gmt":"2025-07-30T14:52:57","guid":{"rendered":"http:\/\/shabazz.fr\/?page_id=1431"},"modified":"2025-07-30T16:52:57","modified_gmt":"2025-07-30T14:52:57","slug":"changer-le-message-de-bienvenue-du-serveur","status":"publish","type":"page","link":"http:\/\/shabazz.fr\/?page_id=1431","title":{"rendered":"Changer le message de bienvenue du serveur"},"content":{"rendered":"\n<p>Lorsqu&#8217;on se connecte au serveur on arrive sur une page de Bienvenue qui pr\u00e9sente le server.<br>Celui peut \u00eatre personnaliser tr\u00e8s facilement car il ne s&#8217;agit ni plus ni moins qu&#8217;une page HTML.<\/p>\n\n\n\n<p>Il suffit de modifier le fichier motd.txt qui est \u00e0 la racine de \/cstrike<\/p>\n\n\n\n<p>Par exemple le code suivant:<\/p>\n\n\n\n<div class=\"hcb_wrap\"><pre class=\"prism line-numbers lang-plain\"><code>&lt;!DOCTYPE HTML PUBLIC &quot;-\/\/W3C\/\/DTD HTML 4.01 Transitional\/\/EN&quot; &quot;http:\/\/www.w3.org\/TR\/1999\/REC-html401-19991224\/loose.dtd&quot;&gt;\n    &lt;html&gt;\n\t&lt;head&gt;\n\t&lt;title&gt;Cstrike MOTD&lt;\/title&gt;\n    &lt;EMBED src=&quot;http:\/\/www.shabazz.fr\/monsterkill.wav&quot;width=&quot;0&quot; height=&quot;0&quot;&gt;&lt;\/EMBED&gt;\n    &lt;\/head&gt;\n\t&lt;body style=&quot;background-color:black;&quot;&gt;\n\t&lt;center&gt;&lt;a href=&quot;http:\/\/www.shabazz.fr\/bzh1.html&quot;&gt;&lt;img src=&quot;http:\/\/www.shabazz.fr\/bzh2.png&quot;&gt;&lt;\/img&gt;&lt;\/a&gt;&lt;\/center&gt;\n\t&lt;\/body&gt;\n\t&lt;\/html&gt;<\/code><\/pre><\/div>\n\n\n\n<p>Donnera l&#8217;affichage suivant:<\/p>\n\n\n\n<figure class=\"wp-block-image size-large\"><img decoding=\"async\" src=\"https:\/\/i.ibb.co\/F59099B\/IMG-20201115-220537.jpg\" alt=\"\"\/><\/figure>\n","protected":false},"excerpt":{"rendered":"<p>Lorsqu&#8217;on se connecte au serveur on arrive sur une page de Bienvenue qui pr\u00e9sente le server.Celui peut \u00eatre personnaliser tr\u00e8s facilement car il ne s&#8217;agit ni plus ni moins qu&#8217;une page HTML. Il suffit de modifier le fichier motd.txt qui est \u00e0 la racine de \/cstrike Par exemple le code \u2026 <a class=\"continue-reading-link\" href=\"http:\/\/shabazz.fr\/?page_id=1431\"> Continue reading <span class=\"meta-nav\">&rarr; <\/span><\/a><\/p>\n","protected":false},"author":1,"featured_media":0,"parent":0,"menu_order":0,"comment_status":"closed","ping_status":"closed","template":"","meta":{"footnotes":""},"class_list":["post-1431","page","type-page","status-publish","hentry"],"_links":{"self":[{"href":"http:\/\/shabazz.fr\/index.php?rest_route=\/wp\/v2\/pages\/1431","targetHints":{"allow":["GET"]}}],"collection":[{"href":"http:\/\/shabazz.fr\/index.php?rest_route=\/wp\/v2\/pages"}],"about":[{"href":"http:\/\/shabazz.fr\/index.php?rest_route=\/wp\/v2\/types\/page"}],"author":[{"embeddable":true,"href":"http:\/\/shabazz.fr\/index.php?rest_route=\/wp\/v2\/users\/1"}],"replies":[{"embeddable":true,"href":"http:\/\/shabazz.fr\/index.php?rest_route=%2Fwp%2Fv2%2Fcomments&post=1431"}],"version-history":[{"count":1,"href":"http:\/\/shabazz.fr\/index.php?rest_route=\/wp\/v2\/pages\/1431\/revisions"}],"predecessor-version":[{"id":1432,"href":"http:\/\/shabazz.fr\/index.php?rest_route=\/wp\/v2\/pages\/1431\/revisions\/1432"}],"wp:attachment":[{"href":"http:\/\/shabazz.fr\/index.php?rest_route=%2Fwp%2Fv2%2Fmedia&parent=1431"}],"curies":[{"name":"wp","href":"https:\/\/api.w.org\/{rel}","templated":true}]}}